j - 3*z. Let b = j + 16. Calculate the remainder when 21 is divided by b.
9
Suppose 0 = -t + 3*j - 3, 3*j = 3*t - 3 - 12. What is the remainder when 1646 is divided by t?
8
Let f(s) = -s - 5. Let z be f(-10). Suppose -79 = -z*k + 1. Calculate the remainder when k is divided by 9.
7
Calculate the remainder when 70 is divided by (15 + -9)/(0 - 6/(-44)).
26
Let o = -25 + 25. Suppose 5*i - 80 = -4*v, o*v = -2*i - 5*v + 49. What is the remainder when i is divided by 9?
3
Suppose -2*k - k = 5*u - 10, 0 = -k + u + 6. Let v(y) = 7*y + 7. Let j be v(7). Calculate the remainder when j/(-10)*15/(-6) is divided by k.
4
Let u = -154 - -170. Suppose -3*i - 5*f + 148 = 0, -130 = -2*i - i + 4*f. What is the remainder when i is divided by u?
14
Suppose -h = -0*h - 51. Let m = 127 - 156. Let z = h + m. Calculate the remainder when z is divided by 12.
10
Let r = -214 - -223. Calculate the remainder when 53 is divided by r.
8
Suppose -1 = 7*a - 295. What is the remainder when 92 is divided by a?
8
Suppose -4*y + 2 = -2*r, -97*r + 99*r + 5*y = 16. What is the remainder when 157 is divided by r?
1
Suppose -a = -5*x + a - 199, -a = -5*x - 197. Let f = x - -44. What is the remainder when f is divided by 3?
2
Suppose 32 = 2*d - 3*x, 3*d - 2*d - 4*x = 26. Let z = d - 46. Let s = -17 - z. Calculate the remainder when s is divided by 11.
8
Calculate the remainder when 197 is divided by 2/(-7) + (-5359)/(-161).
32
Let n(a) be the second derivative of 2*a**3/3 - 3*a**2/2 - 3*a. Let c be ((-3)/2)/((-3)/6). What is the remainder when 34 is divided by n(c)?
7
Suppose -4*r = -n - 16, r + 2*n + 3*n + 17 = 0. Suppose -r*w = -12 - 12. Let y(t) = t**2 - 78*t + 92. Calculate the remainder when y(77) is divided by w.
7
Let w = 1598 - 859. Suppose -4*a = -5*v + w, 5*a + 5*v - 293 = -1228. Let b = -121 - a. What is the remainder when b is divided by 11?
10
Suppose 2*y - 158 = -4*z, 3*y = 5*z + 256 - 426. Calculate the remainder when (-3)/(-6) + (-143)/(-2) is divided by z.
35
Suppose 5*z - 2*z = m - 6, -4*m = 4*z - 24. Let n = -7 + 28. What is the remainder when n is divided by m?
3
Let b = 10 - -452. What is the remainder when b is divided by 16?
14
Suppose n + 0*n + 66 = 4*z, -z = -n - 15. Calculate the remainder when 527244/6360 + 1/10 is divided by z.
15
Let u(p) = -p**3 + 9*p**2 - 13*p + 40. Calculate the remainder when u(7) is divided by 17.
13
Suppose o - k = 3, -k - 23 = -4*o + 1. Calculate the remainder when 795 is divided by o.
4
Let f(u) = u**3 + 33*u**2 + 33*u + 114. Calculate the remainder when 316 is divided by f(-32).
70
Let s = 919 - 782. Calculate the remainder when 677 is divided by s.
129
Let c(g) = g + 11. Let i be c(-8). Let v be 3 - i/(-1) - 2. Suppose v*w - 5*w = -11. Calculate the remainder when w is divided by 4.
3
Let v = -57 - -131. Suppose 6*w - v = 4*w. What is the remainder when 108 is divided by w?
34
Let o(w) = -5*w - 3 + w + 2*w**3 - w**3 - 2*w**2. Calculate the remainder when (1 - -46) + (3 - 5 - -4) is divided by o(4).
10
Suppose -2*p + 0*p + 16 = f, 0 = 2*f - 4. Suppose -r = -3*r + 34. Calculate the remainder when r*1*(3 - 2) is divided by p.
3
Suppose -4*f - 4 = 4. Suppose -4*t - 12 = -2*t. Let b = f - t. Calculate the remainder when 14 is divided by b.
2
Suppose -26*g - 22*g = -2208. What is the remainder when g is divided by 2?
0
Let v = 130 - 108. Calculate the remainder when 144 is divided by v.
12
Suppose -2 = -g, -d - 3 = -3*g - 4. Suppose 185 = d*z + 31. Calculate the remainder when 65*1 - (-3 - -3) is divided by z.
21
Let o = 18 + -19. Let h be (-10)/(-20) + o/2. Suppose h = 3*c + 3*b - 60, -3*c = -2*c + 2*b - 16. What is the remainder when c is divided by 9?
6
Let k = 172 + -165. Calculate the remainder when 2 - (-3 - 4*9) is divided by k.
6
Let f(w) = 27*w**2 - w + 2. Let g(k) = 0 - 2 - k**2 - 14*k - 1. Calculate the remainder when f(1) is divided by g(-13).
8
Let n(q) = -q**3 - 5*q**2 + 21*q + 26. What is the remainder when 246 is divided by n(-8)?
46
Let q = -65 + 65. Suppose 2*y = -q*y + 54. Calculate the remainder when y is divided by 15.
12
Let t(y) = y - 5. Let s be (25/(-10))/((-2)/4). Suppose -w - 2 - 11 = 3*g, -3*w = s*g + 19. Calculate the remainder when w is divided by t(6).
0
Let h(l) = -l**2 - 9*l + 5. What is the remainder when ((-9)/(-12))/(12*(-7)/(-7280)) is divided by h(-7)?
8
What is the remainder when (-25 + 127)/(1 + 1/1) is divided by 14?
9
Let u(c) = 17*c**2 + c - 3. Let r = 42 + -29. Calculate the remainder when u(-2) is divided by r.
11
Let a(i) = -i**2 - 29*i - 108. What is the remainder when 115 is divided by a(-24)?
7
Suppose 3*w = 5*z - 616, 0*w + 3*w - 384 = -3*z. Calculate the remainder when z is divided by 30.
5
Let k = -24 - -14. Let p = 12 + k. Suppose p*g - 3*g + 39 = 0. What is the remainder when g is divided by 10?
9
Calculate the remainder when 114 is divided by 4/6 + (-472)/(-12).
34
Suppose 4*p - 161 = y, -4*y + 0*y - 98 = -2*p. Suppose 2*c - 4*g = 134, -5*c + 359 = 5*g - 9*g. Calculate the remainder when c is divided by p.
36
Let w(s) = -28*s + 819. Calculate the remainder when 452 is divided by w(29).
4
Calculate the remainder when (-31)/(-2) - 59/(-118) is divided by 16.
0
Suppose -c - 12 = -62. Suppose 63 = 5*t - 232. Suppose -38 = -2*u + j - 4*j, 3*u - t = -5*j. Calculate the remainder when c is divided by u.
11
Suppose -3*i + 24 = -u, -5*u - 3*i - 84 = -0*i. Let l = 92 + u. Suppose 18 = r - 1. Calculate the remainder when l is divided by r.
17
Suppose 0*r = -4*d - 2*r + 286, 4*d = -r + 283. Let f = 62 + -55. Suppose -2*t = -4*h - d, 3*t + h + 161 = f*t. What is the remainder when t is divided by 11?
8
Let a = -1777 + 1840. Calculate the remainder when 305 is divided by a.
53
Let h = 10 - -4. Calculate the remainder when 150/h - 4/(-14) is divided by 39/15 + 4/10.
2
Suppose -916 + 3736 = 60*n. Let u = -46 - -71. Calculate the remainder when n is divided by u.
22
Let y(q) = q**3 + 5*q**2 - 4*q + 4. Suppose -5*a - 15*f + 19*f = -355, -3*a + f = -213. What is the remainder when a is divided by y(-5)?
23
Let i(j) = 3*j. Let f be i(1). Let s(h) = 5*h + 2. Let p(o) = -o**3 - 5*o**2 + 6*o + 9. What is the remainder when s(f) is divided by p(-6)?
8
Let y(a) = -a**2 - 21*a - 14. Let t = -32 - -24. What is the remainder when y(t) is divided by 31?
28
Suppose 142 = -8*b + 12*b + 2*t, 0 = 2*b + 4*t - 62. Calculate the remainder when 402 is divided by b.
32
Let x be (-3)/(-2)*(-70)/(-15). Suppose 0 = -2*q - p + 17, 2*p = 2*q + p - x. Suppose 0 = -4*k + 13 + 31. What is the remainder when k is divided by q?
5
Let v = 561 - 360. What is the remainder when v is divided by 37?
16
Let o = 349 + -327. What is the remainder when o is divided by 14?
8
Let k = -546 + 626. What is the remainder when k is divided by 29?
22
Let l = 13 + -10. Let a(z) = -z**3 - 10*z**2 - 3*z - 16. What is the remainder when a(-10) is divided by l?
2
Calculate the remainder when 53 is divided by (8 - 69/9) + 26/3.
8
Let r = -33 + 49. Suppose 0 = -3*i - i. Suppose 4*s + 4*d = 204, i = s - 2*d - 9 - 30. Calculate the remainder when s is divided by r.
15
Let u = -25 - -27. Suppose u*o + 3*t = t - 8, 5*o + 2*t = -8. Suppose 5*i - 445 = -o*i. Calculate the remainder when i is divided by 23.
20
Let a(c) = 42*c - 60. Calculate the remainder when a(13) is divided by 158.
12
Calculate the remainder when 85 is divided by (-4)/(-10) + (-678)/(-150)*5.
16
Let y(d) = -d**3 - 6*d**2 + 2*d - 1. Let n be y(-7). Let h = 116 - n. What is the remainder when h is divided by 17?
14
Let a = -309 + 315. What is the remainder when 20 is divided by a?
2
Suppose -9*m + 5*m = -672. Suppose -j - 3*j = -m. What is the remainder when j is divided by 9?
6
Let w be (16/(-5) - -4)*-10. Suppose -6*r + 30 + 42 = 0. What is the remainder when 2 - w/4 - -16 is divided by r?
8
Suppose -12 = 4*t, -6*z = -z - t + 162. Let w = z - -90. Let j = 82 - w. What is the remainder when 72 is divided by j?
22
Suppose -26*r + 26 = -24*r. Let y = r - -44. What is the remainder when y is divided by 15?
12
Let v(l) = -18*l. Let a be v(2). Let d = 9 - -5. Calculate the remainder when d is divided by (4/(-2))/(24/a).
2
Let o = 27 + 51. Suppose -3*p = 4*q - 26, 5*q - 12 - 9 = 2*p. Suppose 5*y + 9 = 29, -q*m + 92 = 3*y. Calculate the remainder when o is divided by m.
14
Let j(h) = -h**3 + 